Is 24637 a prime number?
False
Is 95045 prime?
False
Is 7801 a prime number?
False
Is 14923 prime?
True
Is 20782 prime?
False
Is 92921 composite?
False
Is 1354 a composite number?
True
Is 130719 prime?
False
Is 28195 a composite number?
True
Is 634677 prime?
False
Is 26183 a composite number?
False
Is 47631 a prime number?
False
Is 4547 a composite number?
False
Is 127678 prime?
False
Is 593 a composite number?
False
Is 20101 a prime number?
True
Is 7033 a composite number?
True
Is 1191461 composite?
True
Is 10418 a composite number?
True
Is 11287 composite?
False
Is 399353 prime?
True
Is 5261 composite?
False
Is 13957 a composite number?
True
Is 9923 composite?
False
Is 5147 prime?
True
Is 2207446 composite?
True
Is 6227 a composite number?
True
Is 310613 prime?
False
Is 4535 a composite number?
True
Is 151027 prime?
True
Is 34739 a prime number?
True
Is 413 composite?
True
Is 35141 prime?
True
Is 194891 a prime number?
True
Is 7261 a prime number?
False
Is 2491 prime?
False
Is 2963465 a composite number?
True
Is 126079 a prime number?
True
Is 4839 a composite number?
True
Is 210257 a prime number?
True
Is 2761 a composite number?
True
Is 1520357 composite?
False
Is 6047 prime?
True
Is 216491 composite?
True
Is 121057 prime?
False
Is 89753 a composite number?
False
Is 12526 composite?
True
Is 7369 composite?
False
Is 1891 a composite number?
True
Is 26849 a prime number?
True
Is 11131 a composite number?
False
Is 32827 a composite number?
True
Is 204629 composite?
True
Is 213589 a prime number?
True
Is 140909 composite?
False
Is 3316571 a composite number?
False
Is 1543 a composite number?
False
Is 610271 composite?
False
Is 109741 a prime number?
True
Is 23813 a prime number?
True
Is 454247 composite?
False
Is 1346 a prime number?
False
Is 42155 a prime number?
False
Is 23453 a composite number?
True
Is 890333 a composite number?
False
Is 967 a prime number?
True
Is 230983 a composite number?
True
Is 90059 composite?
False
Is 89389 prime?
False
Is 245251 prime?
True
Is 33809 composite?
False
Is 213581 a prime number?
False
Is 341191 a prime number?
True
Is 252115 prime?
False
Is 534553 a prime number?
True
Is 652661 prime?
False
Is 3109 a composite number?
False
Is 337105 a prime number?
False
Is 12713 a prime number?
True
Is 121571 a prime number?
True
Is 11579 a composite number?
False
Is 324985 composite?
True
Is 2999 a composite number?
False
Is 49597 a prime number?
True
Is 26237 a prime number?
True
Is 129167 a prime number?
False
Is 96743 a composite number?
True
Is 69826 a composite number?
True
Is 6349 a prime number?
False
Is 52051 a prime number?
True
Is 829547 composite?
False
Is 242561 a prime number?
False
Is 2669 a prime number?
False
Is 1608259 a composite number?
False
Is 295237 prime?
True
Is 4471 composite?
True
Is 11861 a prime number?
False
Is 26337 a composite number?
True
Is 12605 a prime number?
False
Is 121981 composite?
True
Is 211271 composite?
False
Is 22381 a composite number?
False
Is 136717 prime?
False
Is 2316323 a composite number?
False
Is 22217 a prime number?
False
Is 63157 composite?
True
Is 983699 composite?
False
Is 220351 a composite number?
False
Is 1563 a prime number?
False
Is 12847 prime?
False
Is 774997 a composite number?
False
Is 1276987 prime?
True
Is 509513 a composite number?
False
Is 4531339 a composite number?
False
Is 793 prime?
False
Is 3943 a composite number?
False
Is 222773 a prime number?
True
Is 5089 composite?
True
Is 11351 a composite number?
False
Is 1082 prime?
False
Is 195587 prime?
False
Is 4957 prime?
True
Is 4591 a composite number?
False
Is 9047 a prime number?
False
Is 6503 composite?
True
Is 38339 composite?
True
Is 23251 a prime number?
True
Is 140701 a composite number?
True
Is 42299 composite?
False
Is 801833 composite?
False
Is 308653 prime?
False
Is 1363 composite?
True
Is 8641 a prime number?
True
Is 63373 prime?
False
Is 26759 prime?
True
Is 10661 a composite number?
True
Is 52289 a composite number?
False
Is 270407 prime?
True
Is 4963 a composite number?
True
Is 851813 prime?
True
Is 17873 prime?
False
Is 41843 a prime number?
True
Is 28387 composite?
False
Is 9923 a composite number?
False
Is 88807 a prime number?
True
Is 21287 a prime number?
False
Is 33771 prime?
False
Is 41253 composite?
True
Is 35353 a composite number?
False
Is 226991 a composite number?
False
Is 10677 a prime number?
False
Is 5803 a composite number?
True
Is 45053 a prime number?
True
Is 289343 prime?
True
Is 4421 composite?
False
Is 21993 a composite number?
True
Is 65931 a composite number?
True
Is 746 prime?
False
Is 928211 composite?
True
Is 541769 a composite number?
True
Is 12077 prime?
False
Is 364535 prime?
False
Is 48437 composite?
False
Is 120499 a composite number?
True
Is 272477 a composite number?
False
Is 81611 a composite number?
False
Is 306701 prime?
True
Is 206099 a composite number?
True
Is 938183 a composite number?
False
Is 13537 composite?
False
Is 211 prime?
True
Is 264389 a composite number?
True
Is 2155639 a composite number?
False
Is 133153 composite?
False
Is 557 a composite number?
False
Is 17002 a composite number?
True
Is 312667 composite?
True
Is 14969 a composite number?
False
Is 14621 a composite number?
False
Is 24281 a composite number?
False
Is 1541 a prime number?
False
Is 4751 a composite number?
False
Is 57415 composite?
True
Is 539867 prime?
False
Is 878777 composite?
False
Is 1673887 prime?
False
Is 13147 a composite number?
False
Is 7591 composite?
False
Is 1535209 a prime number?
False
Is 21247 prime?
True
Is 179623 a prime number?
True
Is 1882667 composite?
False
Is 539473 prime?
False
Is 320657 composite?
False
Is 69907 prime?
False
Is 4897 a composite number?
True
Is 411371 composite?
False
Is 7057 composite?
False
Is 53213 a prime number?
False
Is 201613 a composite number?
True
Is 8263 composite?
False
Is 7631 a prime number?
False
Is 23419 prime?
False
Is 3833 a prime number?
True
Is 1141 prime?
False
Is 123677 prime?
True
Is 753295 prime?
False
Is 62993 prime?
False
Is 61441 a composite number?
False
Is 56757 prime?
False
Is 353117 a prime number?
True
Is 22291 a prime number?
True
Is 17035 prime?
False
Is 17827 a composite number?
False
Is 74257 composite?
False
Is 56359 a prime number?
True
Is 1379069 a composite number?
False
Is 325483 a composite number?
True
Is 32347 a composite number?
True
Is 2411 a prime number?
True
Is 53435 a prime number?
False
Is 269369 a prime number?
False
Is 30026 a composite number?
True
Is 333247 prime?
False
Is 18553 a prime number?
True
Is 4547 a prime number?
True
Is 14093 a composite number?
True
Is 745103 a composite number?
False
Is 6007 a composite number?
False
Is 488855 prime?
False
Is 205783 prime?
True
Is 425677 prime?
False
Is 336551 prime?
True
Is 917 a prime number?
False
Is 11101 a prime number?
False
Is 751 composite?
False
Is 53729 a composite number?
True
Is 118843 a prime number?
True
Is 12787 composite?
True
Is 58171 prime?
True
Is 233759 a prime number?
True
Is 1282981 prime?
False
Is 451855 prime?
False
Is 7307 composite?
False
Is 45599 a prime number?
True
Is 86807 composite?
True
Is 182753 a composite number?
True
Is 39503 a prime number?
True
Is 14567 composite?
True
Is 3586465 a composite number?
True
Is 535387 a prime number?
True
Is 521494 composite?
True
Is 479 a composite number?
False
Is 5309 composite?
False
Is 849401 prime?
False
Is 409121 prime?
True
Is 259907 prime?
True
Is 310939 a prime number?
False
Is 131167 a prime number?
False
Is 323 a composite number?
True
Is 37946 a composite number?
True
Is 11821 composite?
False
Is 430467 prime?
False
Is 27647 a prime number?
True
Is 924751 a prime number?
True
Is 24071 prime?
True
Is 14429 composite?
True
Is 704357 a composite number?
False
Is 20103 composite?
True
Is 251879 composite?
False
Is 199619 composite?
True
Is 2251 a composite number?
False
Is 22007 a prime number?
False
Is 331577 a prime number?
True
Is 5853 composite?
True
Is 534797 a composite number?
True
Is 3265 prime?
False
Is 12323 a prime number?
True
Is 34387 a composite number?
True
Is 5623 a prime number?
True
Is 1491199 a prime number?
True
Is 152335 prime?
False
Is 523981 a prime number?
False
Is 727427 prime?
True
Is 5923 composite?
False
Is 9237 a p